{"id":8,"date":"2017-08-28T01:20:34","date_gmt":"2017-08-27T23:20:34","guid":{"rendered":"http:\/\/www.hpv-ev.org\/index.php\/ueber-uns\/mitgliedsverbaende\/"},"modified":"2025-02-10T14:20:07","modified_gmt":"2025-02-10T13:20:07","slug":"mitgliedsverbaende","status":"publish","type":"page","link":"https:\/\/www.hpv-ev.org\/index.php\/ueber-uns\/mitgliedsverbaende\/","title":{"rendered":"Mitgliedsverb\u00e4nde"},"content":{"rendered":"<p>Zusammen mit dem Hauptverband Papier- und Kunststoffverarbeitung (HPV) e.V. in Berlin an der Spitze bilden die neun Landesverb\u00e4nde der Papier, Pappe und Kunststoff verarbeitenden Industrie ein schlagkr\u00e4ftiges Kompetenz-Netzwerk f\u00fcr alle Themen der Sozialpolitik zum Nutzen der Mitgliedsbetriebe in ganz Deutschland.<\/p>\n<p>Unsere Kompetenzen sind:<\/p>\n<ul>\n<li>Abschluss von Branchen- und Firmentarifvertr\u00e4gen, Anwendungsberatung<\/li>\n<li>Arbeits- und Sozialrecht (Beratung einschlie\u00dflich Gerichtsvertretung \u00fcber alle Instanzen)<\/li>\n<li>Bildungspolitik, Nachwuchssicherung<\/li>\n<li>Arbeitswirtschaft (flexible Arbeitszeitsysteme, Entgeltgestaltung)<\/li>\n<li>Seminare f\u00fcr Fach- und F\u00fchrungskr\u00e4fte<\/li>\n<li>fachlicher Erfahrungsaustausch (Arbeitskreise)<\/li>\n<li>Informationsdienst (Extranet)<\/li>\n<li>Personalvorschl\u00e4ge f\u00fcr sozialpolitische Gremien und ehrenamtliche Richterstellen<\/li>\n<\/ul>\n<p>Einige HPV-Landesverb\u00e4nde sind in branchen\u00fcbergreifenden B\u00fcrogemeinschaften organisiert und bieten eine Reihe von Zusatzleistungen.<\/p>\n<p>&nbsp;<\/p>\n<h3>Mitglieder<\/h3>\n<div class=\"members\">\n            <div class=\"member\">\n        <hr>\n            <h4>VBP Nordost<\/h4>\n            <img decoding=\"async\" src=\"\/upload\/assets\/uploads\/LOGO_VBP_3_0c7d89b457.png\">\n                            <p><a href=\"http:\/\/www.vbp-nordost.de\">VBP Nordost - Verband der Papier, Pappe und Kunststoffe verarbeitenden Unternehmen in Berlin, Brandenburg und Mecklenburg-Vorpommern e. V.<\/a><\/p>\n            \n                            <p>Am Schillertheater 2<br \/>\r\n10625 Berlin<\/p>\n                                        <p>Telefon: 0 30 \/ 8 82 76 71<\/p>\n                        \n                            <p>E-Mail: <a href=\"mailto:info@VBP-Nordost.de\">info@VBP-Nordost.de<\/a><\/p>\n                                        <p>Website: <a href=\"http:\/\/www.vbp-nordost.de\">http:\/\/www.vbp-nordost.de<\/a><\/p>\n                        <p><\/p>\n        <\/div>\n            <div class=\"member\">\n        <hr>\n            <h4>vpdm<\/h4>\n            <img decoding=\"async\" src=\"\/upload\/assets\/uploads\/VPDM_Suedbaden_Logo_klein_RGB_3fdc532119.png\">\n                            <p><a href=\"http:\/\/www.medienverbaende.de\">verband papier, druck und medien s\u00fcdbaden e.V.<\/a><\/p>\n            \n                            <p>Holbeinstra\u00dfe 26<br \/>\n79100 Freiburg<\/p>\n                                        <p>Telefon: 07 61 \/ 79 07 90<\/p>\n                        \n                            <p>E-Mail: <a href=\"mailto:vpdm@medienverbaende.de\">vpdm@medienverbaende.de<\/a><\/p>\n                                        <p>Website: <a href=\"http:\/\/www.medienverbaende.de\">http:\/\/www.medienverbaende.de<\/a><\/p>\n                        <p><\/p>\n        <\/div>\n            <div class=\"member\">\n        <hr>\n            <h4>VPU Mitte<\/h4>\n            <img decoding=\"async\" src=\"\/upload\/assets\/uploads\/vpu_406796409d.png\">\n                            <p><a href=\"http:\/\/www.vpu-mitte.de\">Verband Papier, Pappe und Kunststoff verarbeitende Unternehmen Mitte e.V. (VPU Mitte)<\/a><\/p>\n            \n                            <p>Lilienthalallee 4<br \/>\n60487 Frankfurt am Main<\/p>\n                                        <p>Telefon: 0 69 \/ 78 30 80<\/p>\n                        \n                            <p>E-Mail: <a href=\"mailto:info@vpu-mitte.de\">info@vpu-mitte.de<\/a><\/p>\n                                        <p>Website: <a href=\"http:\/\/www.vpu-mitte.de\">http:\/\/www.vpu-mitte.de<\/a><\/p>\n                        <p><\/p>\n        <\/div>\n            <div class=\"member\">\n        <hr>\n            <h4>vpi<\/h4>\n            <img decoding=\"async\" src=\"\/upload\/assets\/uploads\/dmpi_Logo_solo_web_190c4e2d79.png\">\n                            <p><a href=\"https:\/\/www.dmpi-bw.de\/\">Verband der Papier, Pappe und  Kunststoff verarbeitende Industrie Baden-W\u00fcrttemberg e. V.<\/a><\/p>\n            \n                            <p>Augsburger Stra\u00dfe 746<br \/>\n70329 Stuttgart<\/p>\n                                        <p>Telefon: 07 11 \/ 4 50 44 0<\/p>\n                        \n                            <p>E-Mail: <a href=\"mailto:info@dmpi-bw.de\">info@dmpi-bw.de<\/a><\/p>\n                                        <p>Website: <a href=\"https:\/\/www.dmpi-bw.de\/\">https:\/\/www.dmpi-bw.de\/<\/a><\/p>\n                        <p><\/p>\n        <\/div>\n            <div class=\"member\">\n        <hr>\n            <h4>VPK Nord<\/h4>\n            <img decoding=\"async\" src=\"\/upload\/assets\/uploads\/vpk_226b7adbf4.png\">\n                            <p><a href=\"http:\/\/www.vpk-online.de\">Verband Papier, Pappe und Kunststoff verarbeitende Industrie Norddeutschlands e. V. (VPK Nord)<\/a><\/p>\n            \n                            <p>Schiffgraben 36<br \/>\n30175 Hannover<\/p>\n                                        <p>Telefon: 05 11 \/ 8 50 50<\/p>\n                        \n                            <p>E-Mail: <a href=\"mailto:info@vpk-online.de\">info@vpk-online.de<\/a><\/p>\n                                        <p>Website: <a href=\"http:\/\/www.vpk-online.de\">http:\/\/www.vpk-online.de<\/a><\/p>\n                        <p><\/p>\n        <\/div>\n            <div class=\"member\">\n        <hr>\n            <h4>BayPapier \/ VBPV<\/h4>\n            <img decoding=\"async\" src=\"\/upload\/assets\/uploads\/bay_150x64_072c68792a.png\">\n                            <p><a href=\"http:\/\/www.baypapier.com\">Verband der Bayerischen Papier, Pappe und Kunststoff verarbeitenden Industrie e. V. (VBPV)<\/a><\/p>\n            \n                            <p>Oberf\u00f6hringer Stra\u00dfe 58<br \/>\r\n81925 M\u00fcnchen<\/p>\n                                        <p>Telefon: 0 89 \/ 21 23 05 0<\/p>\n                        \n                            <p>E-Mail: <a href=\"mailto:info@baypapier.com\">info@baypapier.com<\/a><\/p>\n                                        <p>Website: <a href=\"http:\/\/www.baypapier.com\">http:\/\/www.baypapier.com<\/a><\/p>\n                        <p><\/p>\n        <\/div>\n            <div class=\"member\">\n        <hr>\n            <h4>ppk<\/h4>\n            <img decoding=\"async\" src=\"\/upload\/assets\/uploads\/ppk_3a7070da59.png\">\n                            <p><a href=\"https:\/\/www.verband-papierverarbeitung.de\/\">Verband der Papier, Pappe und Kunststoff verarbeitenden Industrie Rheinland-Pfalz und Saarland e. V.<\/a><\/p>\n            \n                            <p>Friedrich Ebert Stra\u00dfe 11\u201313<br \/>\n67433 Neustadt an der Weinstra\u00dfe<\/p>\n                                        <p>Telefon: 0 63 21 \/ 85 20<\/p>\n                        \n                            <p>E-Mail: <a href=\"mailto:info@verband-papierverarbeitung.de\">info@verband-papierverarbeitung.de<\/a><\/p>\n                                        <p>Website: <a href=\"https:\/\/www.verband-papierverarbeitung.de\/\">https:\/\/www.verband-papierverarbeitung.de\/<\/a><\/p>\n                        <p><\/p>\n        <\/div>\n            <div class=\"member\">\n        <hr>\n            <h4>UPV Nordrhein<\/h4>\n            <img decoding=\"async\" src=\"\/upload\/assets\/uploads\/upv_521da7b857.png\">\n                            <p><a href=\"http:\/\/www.upv-nordrhein.de\">Unternehmensverband der Papier, Pappe und Kunststoffe verarbeitenden Industrie Nordrhein e. V. (UPV)<\/a><\/p>\n            \n                            <p>Tivolistr. 76<br \/>\n52349 D\u00fcren<\/p>\n                                        <p>Telefon: 024 21 \/ 40 42 0<\/p>\n                        \n                            <p>E-Mail: <a href=\"mailto:info@upv-nordrhein.de\">info@upv-nordrhein.de<\/a><\/p>\n                                        <p>Website: <a href=\"http:\/\/www.upv-nordrhein.de\">http:\/\/www.upv-nordrhein.de<\/a><\/p>\n                        <p><\/p>\n        <\/div>\n            <div class=\"member\">\n        <hr>\n            <h4>VPV Westfalen<\/h4>\n            <img decoding=\"async\" src=\"\/upload\/assets\/uploads\/VPV_Westfalen_Logo_EF_rgb_01_002_e1510060399583_562374f992.png\">\n                            <p><a href=\"http:\/\/www.vpv-westfalen.de\">Arbeitgeberverband Papier, Pappe, Kunststoff Westfalen e. V.<\/a><\/p>\n            \n                            <p>K\u00f6nigsallee 67<br \/>\r\n44789 Bochum<\/p>\n                                        <p>Telefon: 02 34 \/ 5 88 77-0<\/p>\n                        \n                            <p>E-Mail: <a href=\"mailto:info@agv-bochum.de\">info@agv-bochum.de<\/a><\/p>\n                                        <p>Website: <a href=\"http:\/\/www.vpv-westfalen.de\">http:\/\/www.vpv-westfalen.de<\/a><\/p>\n                        <p><\/p>\n        <\/div>\n    <\/div>\n\n","protected":false},"excerpt":{"rendered":"<p>Zusammen mit dem Hauptverband Papier- und Kunststoffverarbeitung (HPV) e.V. in Berlin an der Spitze bilden die neun Landesverb\u00e4nde der Papier, Pappe und Kunststoff verarbeitenden Industrie ein schlagkr\u00e4ftiges Kompetenz-Netzwerk f\u00fcr alle Themen der Sozialpolitik zum Nutzen der Mitgliedsbetriebe in ganz Deutschland. Unsere Kompetenzen sind: Abschluss von Branchen- und Firmentarifvertr\u00e4gen, Anwendungsberatung Arbeits- und Sozialrecht (Beratung einschlie\u00dflich Gerichtsvertretung [&hellip;]<\/p>\n","protected":false},"author":1,"featured_media":0,"parent":4,"menu_order":4,"comment_status":"closed","ping_status":"closed","template":"","meta":{"footnotes":""},"class_list":["post-8","page","type-page","status-publish","hentry"],"_links":{"self":[{"href":"https:\/\/www.hpv-ev.org\/index.php\/wp-json\/wp\/v2\/pages\/8","targetHints":{"allow":["GET"]}}],"collection":[{"href":"https:\/\/www.hpv-ev.org\/index.php\/wp-json\/wp\/v2\/pages"}],"about":[{"href":"https:\/\/www.hpv-ev.org\/index.php\/wp-json\/wp\/v2\/types\/page"}],"author":[{"embeddable":true,"href":"https:\/\/www.hpv-ev.org\/index.php\/wp-json\/wp\/v2\/users\/1"}],"replies":[{"embeddable":true,"href":"https:\/\/www.hpv-ev.org\/index.php\/wp-json\/wp\/v2\/comments?post=8"}],"version-history":[{"count":5,"href":"https:\/\/www.hpv-ev.org\/index.php\/wp-json\/wp\/v2\/pages\/8\/revisions"}],"predecessor-version":[{"id":10081,"href":"https:\/\/www.hpv-ev.org\/index.php\/wp-json\/wp\/v2\/pages\/8\/revisions\/10081"}],"up":[{"embeddable":true,"href":"https:\/\/www.hpv-ev.org\/index.php\/wp-json\/wp\/v2\/pages\/4"}],"wp:attachment":[{"href":"https:\/\/www.hpv-ev.org\/index.php\/wp-json\/wp\/v2\/media?parent=8"}],"curies":[{"name":"wp","href":"https:\/\/api.w.org\/{rel}","templated":true}]}}