{"id":4,"date":"2017-08-28T01:20:34","date_gmt":"2017-08-27T23:20:34","guid":{"rendered":"http:\/\/www.hpv-ev.org\/index.php\/ueber-uns\/"},"modified":"2017-08-28T01:20:34","modified_gmt":"2017-08-27T23:20:34","slug":"ueber-uns","status":"publish","type":"page","link":"https:\/\/www.hpv-ev.org\/index.php\/ueber-uns\/","title":{"rendered":"\u00dcber uns"},"content":{"rendered":"<p>Auf den folgenden Seiten finden Sie Informationen zu unseren <a href=\"http:\/\/www.hpv-ev.org\/index.php\/ueber-uns\/aufgaben\">Aufgaben<\/a>, <a href=\"http:\/\/www.hpv-ev.org\/index.php\/ueber-uns\/ziele\">Zielen<\/a>, zu unserer <a href=\"http:\/\/www.hpv-ev.org\/index.php\/ueber-uns\/organisation\">Struktur<\/a> und unseren <a href=\"http:\/\/www.hpv-ev.org\/index.php\/ueber-uns\/mitgliedsverbaende\">Mitgliedern<\/a> sowie zu den <a href=\"http:\/\/www.hpv-ev.org\/index.php\/ueber-uns\/ausserordentliche-mitglieder\">Menschen, die die Arbeit des HPV im Ehrenamt und hauptamtlich gestalten<\/a>. Au\u00dferdem finden Sie Informationen zu den <a href=\"http:\/\/www.hpv-ev.org\/index.php\/ueber-uns\/partner-des-hpv\">Partnern<\/a>, mit denen wir regelm\u00e4\u00dfig zusammenarbeiten.  <\/p>\n","protected":false},"excerpt":{"rendered":"<p>Auf den folgenden Seiten finden Sie Informationen zu unseren Aufgaben, Zielen, zu unserer Struktur und unseren Mitgliedern sowie zu den Menschen, die die Arbeit des HPV im Ehrenamt und hauptamtlich gestalten. Au\u00dferdem finden Sie Informationen zu den Partnern, mit denen wir regelm\u00e4\u00dfig zusammenarbeiten.<\/p>\n","protected":false},"author":1,"featured_media":0,"parent":0,"menu_order":1,"comment_status":"closed","ping_status":"closed","template":"","meta":{"footnotes":""},"class_list":["post-4","page","type-page","status-publish","hentry"],"_links":{"self":[{"href":"https:\/\/www.hpv-ev.org\/index.php\/wp-json\/wp\/v2\/pages\/4","targetHints":{"allow":["GET"]}}],"collection":[{"href":"https:\/\/www.hpv-ev.org\/index.php\/wp-json\/wp\/v2\/pages"}],"about":[{"href":"https:\/\/www.hpv-ev.org\/index.php\/wp-json\/wp\/v2\/types\/page"}],"author":[{"embeddable":true,"href":"https:\/\/www.hpv-ev.org\/index.php\/wp-json\/wp\/v2\/users\/1"}],"replies":[{"embeddable":true,"href":"https:\/\/www.hpv-ev.org\/index.php\/wp-json\/wp\/v2\/comments?post=4"}],"version-history":[{"count":1,"href":"https:\/\/www.hpv-ev.org\/index.php\/wp-json\/wp\/v2\/pages\/4\/revisions"}],"predecessor-version":[{"id":2747,"href":"https:\/\/www.hpv-ev.org\/index.php\/wp-json\/wp\/v2\/pages\/4\/revisions\/2747"}],"wp:attachment":[{"href":"https:\/\/www.hpv-ev.org\/index.php\/wp-json\/wp\/v2\/media?parent=4"}],"curies":[{"name":"wp","href":"https:\/\/api.w.org\/{rel}","templated":true}]}}