{"id":38,"date":"2017-08-28T01:20:56","date_gmt":"2017-08-27T23:20:56","guid":{"rendered":"http:\/\/www.hpv-ev.org\/index.php\/bildung\/fortbildung\/industriemeisterin\/"},"modified":"2017-08-28T01:20:56","modified_gmt":"2017-08-27T23:20:56","slug":"industriemeisterin","status":"publish","type":"page","link":"https:\/\/www.hpv-ev.org\/index.php\/bildung\/fortbildung\/industriemeisterin\/","title":{"rendered":"Industriemeister\/in"},"content":{"rendered":"<p>Weiterf\u00fchrende Informationen zum Industriemeister sind auf der<a href=\"http:\/\/www.karriere-papier-verpackung.de\/karriere\/industriemeister\"> Webseite Karriere Papier Verpackung<\/a> zu finden. Dort k\u00f6nnen Sie auch einen <a href=\"http:\/\/www.karriere-papier-verpackung.de\/bildungszentren?filter=3\">Industriemeisterkurs in Ihrer N\u00e4he<\/a> finden.<\/p>\n<h2>Kurzvideo zum Beruf<\/h2>\n\n<iframe loading=\"lazy\" width=\"560\" height=\"315\" src=\"https:\/\/www.youtube.com\/embed\/-VO7erIBt5Q\" frameborder=\"0\" allowfullscreen><\/iframe>\n","protected":false},"excerpt":{"rendered":"<p>Weiterf\u00fchrende Informationen zum Industriemeister sind auf der Webseite Karriere Papier Verpackung zu finden. Dort k\u00f6nnen Sie auch einen Industriemeisterkurs in Ihrer N\u00e4he finden. Kurzvideo zum Beruf<\/p>\n","protected":false},"author":1,"featured_media":0,"parent":36,"menu_order":2,"comment_status":"closed","ping_status":"closed","template":"","meta":{"footnotes":""},"class_list":["post-38","page","type-page","status-publish","hentry"],"_links":{"self":[{"href":"https:\/\/www.hpv-ev.org\/index.php\/wp-json\/wp\/v2\/pages\/38","targetHints":{"allow":["GET"]}}],"collection":[{"href":"https:\/\/www.hpv-ev.org\/index.php\/wp-json\/wp\/v2\/pages"}],"about":[{"href":"https:\/\/www.hpv-ev.org\/index.php\/wp-json\/wp\/v2\/types\/page"}],"author":[{"embeddable":true,"href":"https:\/\/www.hpv-ev.org\/index.php\/wp-json\/wp\/v2\/users\/1"}],"replies":[{"embeddable":true,"href":"https:\/\/www.hpv-ev.org\/index.php\/wp-json\/wp\/v2\/comments?post=38"}],"version-history":[{"count":0,"href":"https:\/\/www.hpv-ev.org\/index.php\/wp-json\/wp\/v2\/pages\/38\/revisions"}],"up":[{"embeddable":true,"href":"https:\/\/www.hpv-ev.org\/index.php\/wp-json\/wp\/v2\/pages\/36"}],"wp:attachment":[{"href":"https:\/\/www.hpv-ev.org\/index.php\/wp-json\/wp\/v2\/media?parent=38"}],"curies":[{"name":"wp","href":"https:\/\/api.w.org\/{rel}","templated":true}]}}