{"id":27,"date":"2017-08-28T01:20:48","date_gmt":"2017-08-27T23:20:48","guid":{"rendered":"http:\/\/www.hpv-ev.org\/index.php\/sozialversicherung\/unfallversicherung\/"},"modified":"2017-12-22T12:53:29","modified_gmt":"2017-12-22T11:53:29","slug":"unfallversicherung","status":"publish","type":"page","link":"https:\/\/www.hpv-ev.org\/index.php\/sozialversicherung\/unfallversicherung\/","title":{"rendered":"Unfallversicherung"},"content":{"rendered":"<p>\u00dcber die gesetzliche Unfallversicherung, die <a href=\"http:\/\/www.bgetem.de\">Berufsgenossenschaft Energie, Textil, Elektro und Medienerzeugnisse (BG ETEM)<\/a>, werden die Unternehmer unserer Industrie von der Haftung f\u00fcr die gesundheitlichen Folgen von Arbeitsunf\u00e4llen und Berufskrankheiten gegen\u00fcber ihren Mitarbeitern freigestellt. Gleichzeitig ist es das erkl\u00e4rte Ziel der Berufsgenossenschaft, die Unternehmen zu besichtigen und gemeinsam mit den Unternehmen Konzepte zur Pr\u00e4vention von Unf\u00e4llen zu entwickeln.<\/p>\n<p>Die BG ETEM ist aus der Fusion der BG Druck und Papierverarbeitung (BG DP) mit der BG Energie Textil Elektro (BG ETE) zum 1. Januar 2010 hervorgegangen. Der HPV arbeitet seit der Fusion aktiv in den verschiedenen Gremien der Selbstverwaltung der BG ETEM mit und setzt sich f\u00fcr die Belange der Unternehmen unserer Industrie ein.<\/p>\n<p>An der Spitze der Berufsgenossenschaft stehen die beiden Selbstverwaltungsorgane Vertreterversammlung und Vorstand, die Ihre Aufgaben auf verschiedene Aussch\u00fcsse verteilt haben. Nach den Sozialwahlen im Fr\u00fchjahr 2017 hat aktuell die 12. Wahlperiode begonnen. Der Vorstand der BG ETEM umfasst insgesamt 26 Mitglieder, die Vertreterversammlung 60 Mitglieder.\u00a0Die Gremien werden je zur H\u00e4lfte aus ehrenamtlichen Vertretern der Versicherten und der Arbeitgeber gebildet. Zusammen mit dem Bundesverband Druck und Medien (bvdm) vertritt der HPV die Interessen der Branche Druck und Papier. Der HPV ist im Vorstand der BG ETEM mit einem ordentlichen Mitglied und in der Vertreterversammlung mit zwei ordentlichen Mitgliedern vertreten. Hinzukommen noch bis zu drei pers\u00f6nliche Stellvertreter der ordentlichen Mitglieder.<\/p>\n<p>Die Mitglieder von Vorstand und Vertreterversammlung arbeiten aktiv in den Aussch\u00fcssen der BG ETEM mit. Die Branche Druck und Papier hat von den sieben Aussch\u00fcssen des Vorstandes den Vorsitz in zwei Aussch\u00fcssen.<\/p>\n<p>Der Vorstand vertritt die Berufsgenossenschaft nach au\u00dfen und verwaltet die Berufsgenossenschaft. Zu seinen Aufgaben geh\u00f6rt unter anderem die Aufstellung des Haushaltsplans und die Beschlussfassung \u00fcber die Umlage.<\/p>\n<p>Zu den Aufgaben der Vertreterversammlung geh\u00f6rt es, die Satzung, die berufsgenossenschaftlichen Vorschriften und den Gefahrtarif zu beschlie\u00dfen. Sie stellt den Haushaltsplan fest.<\/p>\n<p>Vertreterversammlung und Vorstand treffen gemeinsam mit der Gesch\u00e4ftsf\u00fchrung der BG ETEM die wichtigen Entscheidungen, zum Beispiel \u00fcber die Satzung, den Gefahrtarif oder Unfallverh\u00fctungsvorschriften. Dabei bringen die Mitglieder der Selbstverwaltung ihre Erfahrungen aus der betrieblichen Praxis ein und geben so wichtige Impulse f\u00fcr die Arbeit der Berufsgenossenschaft. Im Rahmen der gesetzlichen Vorschriften und der Satzung trifft die Selbstverwaltung ihre Entscheidungen in eigener Verantwortung. Dabei unterliegt sie der Aufsicht des Staates.<\/p>\n<p>Die BG ETEM ist die gesetzliche Unfallversicherung f\u00fcr rund 3,8 Millionen Menschen in \u00fcber 200.000 Mitgliedsunternehmen. Sie unterst\u00fctzt die Mitgliedsunternehmen bei Arbeitssicherheit und Gesundheitsschutz. Dar\u00fcber hinaus k\u00fcmmert sich die BG ETEM um Verletzte und Erkrankte und sorgt f\u00fcr eine bestm\u00f6gliche Wiedereingliederung der Arbeitnehmer nach einem Arbeitsunfall.<\/p>\n<p>Sitz der Hauptverwaltung der BG ETEM ist K\u00f6ln, die drei Verwaltungszentren befinden sich in Augsburg, D\u00fcsseldorf und Wiesbaden.<\/p>\n","protected":false},"excerpt":{"rendered":"<p>\u00dcber die gesetzliche Unfallversicherung, die Berufsgenossenschaft Energie, Textil, Elektro und Medienerzeugnisse (BG ETEM), werden die Unternehmer unserer Industrie von der Haftung f\u00fcr die gesundheitlichen Folgen von Arbeitsunf\u00e4llen und Berufskrankheiten gegen\u00fcber ihren Mitarbeitern freigestellt. Gleichzeitig ist es das erkl\u00e4rte Ziel der Berufsgenossenschaft, die Unternehmen zu besichtigen und gemeinsam mit den Unternehmen Konzepte zur Pr\u00e4vention von Unf\u00e4llen [&hellip;]<\/p>\n","protected":false},"author":1,"featured_media":0,"parent":25,"menu_order":2,"comment_status":"closed","ping_status":"closed","template":"","meta":{"footnotes":""},"class_list":["post-27","page","type-page","status-publish","hentry"],"_links":{"self":[{"href":"https:\/\/www.hpv-ev.org\/index.php\/wp-json\/wp\/v2\/pages\/27","targetHints":{"allow":["GET"]}}],"collection":[{"href":"https:\/\/www.hpv-ev.org\/index.php\/wp-json\/wp\/v2\/pages"}],"about":[{"href":"https:\/\/www.hpv-ev.org\/index.php\/wp-json\/wp\/v2\/types\/page"}],"author":[{"embeddable":true,"href":"https:\/\/www.hpv-ev.org\/index.php\/wp-json\/wp\/v2\/users\/1"}],"replies":[{"embeddable":true,"href":"https:\/\/www.hpv-ev.org\/index.php\/wp-json\/wp\/v2\/comments?post=27"}],"version-history":[{"count":6,"href":"https:\/\/www.hpv-ev.org\/index.php\/wp-json\/wp\/v2\/pages\/27\/revisions"}],"predecessor-version":[{"id":1143,"href":"https:\/\/www.hpv-ev.org\/index.php\/wp-json\/wp\/v2\/pages\/27\/revisions\/1143"}],"up":[{"embeddable":true,"href":"https:\/\/www.hpv-ev.org\/index.php\/wp-json\/wp\/v2\/pages\/25"}],"wp:attachment":[{"href":"https:\/\/www.hpv-ev.org\/index.php\/wp-json\/wp\/v2\/media?parent=27"}],"curies":[{"name":"wp","href":"https:\/\/api.w.org\/{rel}","templated":true}]}}