{"id":22,"date":"2017-08-28T01:20:48","date_gmt":"2017-08-27T23:20:48","guid":{"rendered":"http:\/\/www.hpv-ev.org\/index.php\/tarifpolitik\/tarifvertraege\/"},"modified":"2025-07-29T11:18:14","modified_gmt":"2025-07-29T09:18:14","slug":"tarifvertraege","status":"publish","type":"page","link":"https:\/\/www.hpv-ev.org\/index.php\/tarifpolitik\/tarifvertraege\/","title":{"rendered":"Tarifvertr\u00e4ge"},"content":{"rendered":"<p>Auf der Bundesebene mit dem HPV als Tarifvertragspartei sind insbesondere die Kernarbeitsbedingungen der gewerblichen Arbeitnehmer und Arbeitnehmerinnen vereinbart.<\/p>\n<p>Dies sind:<\/p>\n<ul>\n<li>Manteltarifvertrag f\u00fcr gewerbliche Arbeitnehmerinnen und Arbeitnehmer In diesem Tarifvertrag sind die wesentlichen Bedingungen zur Arbeitszeit, zu den Freistellungen, zum Urlaub und zum Ende des Arbeitsverh\u00e4ltnisses geregelt.<\/li>\n<li>Lohnrahmentarif: Dieser Tarifvertrag enth\u00e4lt die Eingruppierungsbestimmungen. Nach der Eingruppierung in eine Lohngruppe bestimmt sich die H\u00f6he des Entgelts f\u00fcr die T\u00e4tigkeit.<\/li>\n<li>Altersvorsorgetarifvertrag: Der Tarifvertrag regelt die M\u00f6glichkeit der Arbeitnehmerinnen und Arbeitnehmer teile ihres monatlichen Entgelts f\u00fcr Altersversorgung umzuwandeln.<\/li>\n<li>Tarifvertrag zum Zwecke des Leasings von Fahrr\u00e4dern: Durch den Tarifvertrag k\u00f6nnen die Arbeitnehmerinnen und Arbeitnehmer Teile ihres Entgelts f\u00fcr ein Fahrradleasing umwandeln.<\/li>\n<\/ul>\n<p>Der Manteltarifvertrag gibt f\u00fcr die tarifgebundenen Unternehmen und Arbeitnehmer in der Papier, Pappe und Kunststoffe verarbeitenden Industrie die Rahmen-Arbeitsbedingungen vor.<\/p>\n<p>Die vereinbarten Bedingungen passen oftmals nicht gleicherma\u00dfen auf die verschieden Unternehmen. Aus diesem Grund sieht der Manteltarifvertrag in einigen Passagen vor, dass Arbeitgeber und Betriebsrat vor Ort abweichende Regelungen f\u00fcr den Betrieb individuell vereinbaren k\u00f6nnen. Eine \u00dcbersicht zu den vorhandenen \u00d6ffnungsklauseln gibt der Flyer:<\/p>\n<ul>\n<li>    <a href=\"http:\/\/www.hpv-ev.org\/wp-content\/uploads\/2023\/08\/HPV-Flyer-Flexibilisierungsmoeglichkeiten-MTV.pdf\">Flexibilisierungsm\u00f6glichkeiten der Papier, Pappe und Kunststoffe verarbeitenden Industrie nach dem MTV (PDF)<\/a>\n<\/li>\n<li>    <a href=\"http:\/\/www.hpv-ev.org\/wp-content\/uploads\/2023\/08\/HPV-Flyer-Flexibilisierungsmoeglichkeiten-MTV-Ost.pdf\">Flexibilisierungsm\u00f6glichkeiten der Papier, Pappe und Kunststoffe verarbeitenden Industrie nach dem MTV-Ost (PDF)<\/a>\n<\/li>\n<\/ul>\n<p>Weitere wichtige Themen sind die Gestaltung der w\u00f6chentlichen Arbeitszeit nach \u00a7 2 MTV sowie die Arbeit an Wochenenden und die Einf\u00fchrung bzw. Ausgestaltung eines Durchfahrbetriebes nach dem MTV. Der eine Flyer gibt eine schematische Darstellung \u00fcber die Vielzahl von M\u00f6glichkeiten der Arbeitszeitgestaltung, der andere Flyer befasst sich mit den Thema Durchfahrbetrieben:<\/p>\n<ul>\n<li>    <a href=\"http:\/\/www.hpv-ev.org\/wp-content\/uploads\/2023\/08\/HPV-Flyer-Arbeitszeitgestaltung-MTV.pdf\">M\u00f6glichkeiten zur Gestaltung der w\u00f6chentlichen Arbeitszeit nach \u00a7 2 MTV (PDF)<\/a>\n<\/li>\n<li>    <a href=\"http:\/\/www.hpv-ev.org\/wp-content\/uploads\/2023\/08\/HPV-Flyer-Arbeitszeitgestaltung-MTV-Ost.pdf\">M\u00f6glichkeiten zur Gestaltung der w\u00f6chentlichen Arbeitszeit nach \u00a7 2 MTV-Ost (PDF)<\/a>\n<\/li>\n<li>    <a href=\"http:\/\/www.hpv-ev.org\/wp-content\/uploads\/2023\/08\/HPV-Flyer-Durchfahrbetrieb-MTV.pdf\">Arbeit an Wochenenden sowie die Einf\u00fchrung und Ausgestaltung eines Durchfahrbetriebes nach dem MTV (PDF)<\/a>\n<\/li>\n<\/ul>\n<p><strong>Im Einzelfall wenden Sie sich bitte an Ihren zust\u00e4ndigen Landesarbeitgeberverband.<\/strong><\/p>\n","protected":false},"excerpt":{"rendered":"<p>Auf der Bundesebene mit dem HPV als Tarifvertragspartei sind insbesondere die Kernarbeitsbedingungen der gewerblichen Arbeitnehmer und Arbeitnehmerinnen vereinbart. Dies sind: Manteltarifvertrag f\u00fcr gewerbliche Arbeitnehmerinnen und Arbeitnehmer In diesem Tarifvertrag sind die wesentlichen Bedingungen zur Arbeitszeit, zu den Freistellungen, zum Urlaub und zum Ende des Arbeitsverh\u00e4ltnisses geregelt. Lohnrahmentarif: Dieser Tarifvertrag enth\u00e4lt die Eingruppierungsbestimmungen. Nach der Eingruppierung [&hellip;]<\/p>\n","protected":false},"author":1,"featured_media":0,"parent":15,"menu_order":2,"comment_status":"closed","ping_status":"closed","template":"","meta":{"footnotes":""},"class_list":["post-22","page","type-page","status-publish","hentry"],"_links":{"self":[{"href":"https:\/\/www.hpv-ev.org\/index.php\/wp-json\/wp\/v2\/pages\/22","targetHints":{"allow":["GET"]}}],"collection":[{"href":"https:\/\/www.hpv-ev.org\/index.php\/wp-json\/wp\/v2\/pages"}],"about":[{"href":"https:\/\/www.hpv-ev.org\/index.php\/wp-json\/wp\/v2\/types\/page"}],"author":[{"embeddable":true,"href":"https:\/\/www.hpv-ev.org\/index.php\/wp-json\/wp\/v2\/users\/1"}],"replies":[{"embeddable":true,"href":"https:\/\/www.hpv-ev.org\/index.php\/wp-json\/wp\/v2\/comments?post=22"}],"version-history":[{"count":5,"href":"https:\/\/www.hpv-ev.org\/index.php\/wp-json\/wp\/v2\/pages\/22\/revisions"}],"predecessor-version":[{"id":10299,"href":"https:\/\/www.hpv-ev.org\/index.php\/wp-json\/wp\/v2\/pages\/22\/revisions\/10299"}],"up":[{"embeddable":true,"href":"https:\/\/www.hpv-ev.org\/index.php\/wp-json\/wp\/v2\/pages\/15"}],"wp:attachment":[{"href":"https:\/\/www.hpv-ev.org\/index.php\/wp-json\/wp\/v2\/media?parent=22"}],"curies":[{"name":"wp","href":"https:\/\/api.w.org\/{rel}","templated":true}]}}